{"id":988,"date":"2018-07-02T19:19:51","date_gmt":"2018-07-02T22:19:51","guid":{"rendered":"https:\/\/isfd806-chu.infd.edu.ar\/sitio\/informacion\/"},"modified":"2025-11-12T18:55:06","modified_gmt":"2025-11-12T21:55:06","slug":"infovisuales","status":"publish","type":"page","link":"https:\/\/isfd806-chu.infd.edu.ar\/sitio\/infovisuales\/","title":{"rendered":"Informaci\u00f3n Visuales"},"content":{"rendered":"<p><\/p>\n<p style=\"text-align: justify;\"><span style=\"font-size: 10pt; color: #000000;\"><span style=\"background-color: #ffffff;\"><span style=\"font-size: 12pt;\"><span style=\"font-family: verdana,geneva;\">El Profesorado&nbsp;de Artes Visuales tiene como objetivo principal formar docentes que conozcan las diferentes dimensiones que fundamentan la formaci\u00f3n en arte a partir de los aportes de la teor\u00eda contempor\u00e1nea del arte y la comunicaci\u00f3n, vinculadas a la dimensi\u00f3n socio-cultural.<em>&nbsp;<\/em><\/span><\/span><\/span><\/span><\/p>\n<p><span style=\"font-size: 10pt;\"><span style=\"font-family: verdana,geneva;\">Para ello nos proponemos con nuestros estudiantes, docentes-en-formaci\u00f3n:<\/span><\/span><\/p>\n<p style=\"text-align: justify;\"><span style=\"font-family: verdana,geneva;\"><span style=\"font-size: 10pt;\">* no s\u00f3lo el desarrollo de la sensibilidad, la creatividad y la autoestima sino tambi\u00e9n la posibilidad&nbsp;de que se transformen en hacedores de discursos visuales&nbsp;para favorecer tanto la producci\u00f3n art\u00edstica como la transferencia de estas capacidades a otras \u00e1reas del quehacer humano.<\/span><\/span><\/p>\n<p style=\"text-align: justify;\"><span style=\"font-size: 10pt;\"><span style=\"font-family: verdana,geneva;\">*&nbsp;la concreci\u00f3n de compromisos efectivos en el contexto \u00e1ulico, institucional y social en los cuales se desempe\u00f1en, favoreciendo el desarrollo de quienes ser\u00e1n sus alumnos y su integraci\u00f3n al medio social, desde las competencias que \u00e9ste les requiere con una actitud cr\u00edtica y transformadora del mismo.<\/span><\/span><\/p>\n\n\n<p>Plan de estudios Profesorado de Artes Visuales<\/p>\n\n\n\n<div class=\"wp-block-file alignleft\"><a id=\"wp-block-file--media-6cc78142-96bd-46ad-838c-06b7ea52c256\" href=\"https:\/\/isfd806-chu.infd.edu.ar\/sitio\/wp-content\/uploads\/2025\/11\/Prof.-Artes-Visuales.jpeg\" target=\"_blank\" rel=\"noreferrer noopener\">Prof.-Artes-Visuales<\/a><a href=\"https:\/\/isfd806-chu.infd.edu.ar\/sitio\/wp-content\/uploads\/2025\/11\/Prof.-Artes-Visuales.jpeg\" class=\"wp-block-file__button wp-element-button\" download aria-describedby=\"wp-block-file--media-6cc78142-96bd-46ad-838c-06b7ea52c256\">Descarga<\/a><\/div>\n","protected":false},"excerpt":{"rendered":"<p>El Profesorado&nbsp;de Artes Visuales tiene como objetivo principal formar docentes que conozcan las diferentes dimensiones que fundamentan la formaci\u00f3n en arte a partir de los aportes de la teor\u00eda contempor\u00e1nea del arte y la comunicaci\u00f3n, vinculadas a la dimensi\u00f3n socio-cultural.&nbsp; Para ello nos proponemos con nuestros estudiantes, docentes-en-formaci\u00f3n: * no s\u00f3lo el desarrollo de la &#8230; <a title=\"Informaci\u00f3n Visuales\" class=\"read-more\" href=\"https:\/\/isfd806-chu.infd.edu.ar\/sitio\/infovisuales\/\" aria-label=\"More on Informaci\u00f3n Visuales\">[+]<\/a><\/p>\n","protected":false},"author":617,"featured_media":2801,"parent":0,"menu_order":0,"comment_status":"closed","ping_status":"closed","template":"","meta":[],"acf":[],"_links":{"self":[{"href":"https:\/\/isfd806-chu.infd.edu.ar\/sitio\/wp-json\/wp\/v2\/pages\/988"}],"collection":[{"href":"https:\/\/isfd806-chu.infd.edu.ar\/sitio\/wp-json\/wp\/v2\/pages"}],"about":[{"href":"https:\/\/isfd806-chu.infd.edu.ar\/sitio\/wp-json\/wp\/v2\/types\/page"}],"author":[{"embeddable":true,"href":"https:\/\/isfd806-chu.infd.edu.ar\/sitio\/wp-json\/wp\/v2\/users\/617"}],"replies":[{"embeddable":true,"href":"https:\/\/isfd806-chu.infd.edu.ar\/sitio\/wp-json\/wp\/v2\/comments?post=988"}],"version-history":[{"count":7,"href":"https:\/\/isfd806-chu.infd.edu.ar\/sitio\/wp-json\/wp\/v2\/pages\/988\/revisions"}],"predecessor-version":[{"id":3120,"href":"https:\/\/isfd806-chu.infd.edu.ar\/sitio\/wp-json\/wp\/v2\/pages\/988\/revisions\/3120"}],"wp:featuredmedia":[{"embeddable":true,"href":"https:\/\/isfd806-chu.infd.edu.ar\/sitio\/wp-json\/wp\/v2\/media\/2801"}],"wp:attachment":[{"href":"https:\/\/isfd806-chu.infd.edu.ar\/sitio\/wp-json\/wp\/v2\/media?parent=988"}],"curies":[{"name":"wp","href":"https:\/\/api.w.org\/{rel}","templated":true}]}}