{"id":1017,"date":"2018-07-02T19:20:04","date_gmt":"2018-07-02T22:20:04","guid":{"rendered":"https:\/\/isfd806-chu.infd.edu.ar\/sitio\/informacion-4\/"},"modified":"2025-11-12T19:09:33","modified_gmt":"2025-11-12T22:09:33","slug":"infodanza","status":"publish","type":"page","link":"https:\/\/isfd806-chu.infd.edu.ar\/sitio\/infodanza\/","title":{"rendered":"Informaci\u00f3n Danza"},"content":{"rendered":"<p><\/p>\n<p><strong>Descripci\u00f3n de la Carrera<\/strong><\/p>\n<p><strong>Denominaci\u00f3n:<\/strong> Profesorado de Danza con orientaci\u00f3n en Danzas Folkl\u00f3ricas<\/p>\n<p><strong>Titulo a otorgar:<\/strong> Profesor\/a de Danza con orientaci\u00f3n en Danzas Folkl\u00f3ricas<\/p>\n<ul>\n<li>Duraci\u00f3n de la carrera: 4 (cuatro) a\u00f1os acad\u00e9micos<\/li>\n<li>Carga horaria total de la carrera: 4176 horas c\u00e1tedra \/ 2784 horas reloj<\/li>\n<li>Nivel o modalidad para el cual habilita: Educaci\u00f3n Art\u00edstica; Educaci\u00f3n Inicial, Educaci\u00f3n Primaria, Educaci\u00f3n Secundaria, Educaci\u00f3n Especial<\/li>\n<\/ul>\n<p><strong>Condiciones de ingreso:<\/strong><\/p>\n<p>Se define como estudiante de Nivel Superior a aqu\u00e9l aspirante a realizar estudios de dicho nivel, que se inscribe en tal condici\u00f3n en un Instituto de Educaci\u00f3n Superior, con ingreso directo, seg\u00fan se establece en Art\u00edculos 11 y 12 de este documento, sin discriminaci\u00f3n de ning\u00fan tipo y en base a igualdad de oportunidades, sostenida en la legislaci\u00f3n vigente en la provincia del Chubut, la cual incluye el Reglamento Org\u00e1nico Marco de la jurisdicci\u00f3n, que establece los derechos y obligaciones de los estudiantes del nivel. Art\u00edculo 10.- La inscripci\u00f3n a las carreras de formaci\u00f3n docente y t\u00e9cnica de nivel superior, se realizar\u00e1 en dos per\u00edodos por a\u00f1o acad\u00e9mico: noviembre \u2013 febrero y junio \u2013 agosto. Art\u00edculo 11.- Pueden inscribirse en un IES:<\/p>\n<ul>\n<li>Quienes acrediten aprobaci\u00f3n del nivel secundario, de cualquier modalidad.<\/li>\n<li>Quienes habiendo concluido la educaci\u00f3n de nivel secundario; y a\u00fan adeudando asignaturas, presenten para la inscripci\u00f3n, constancia de estudios cursados y aprobados.<\/li>\n<li>Personas mayores de 25 a\u00f1os que aprueben la evaluaci\u00f3n dispuesta por la DGES, en concordancia con el Art. 7\u00ba de Ia Ley de Educaci\u00f3n Superior N\u00b0 24.521 y\/o normativa vigente.<\/li>\n<li>Estudiantes extranjeros que remitan al marco regulatorio nacional y jurisdiccional.<\/li>\n<li>Estudiantes que soliciten formalmente pase, desde una instituci\u00f3n de educaci\u00f3n superior a otra que otorga un titulo id\u00e9ntico o equivalente.<\/li>\n<\/ul>\n<p><strong>Para el ingreso, se debe acreditar:<\/strong><\/p>\n<ul>\n<li>Identidad<\/li>\n<li>Aptitud psicof\u00edsica para realizar los estudios a los que aspira; y aptitud fonoaudiol\u00f3gica a los fines de generar instancias de acompa\u00f1amiento adecuadas en los casos necesarios<\/li>\n<li>Aprobaci\u00f3n del nivel secundario<\/li>\n<li>Realizaci\u00f3n del trayecto introductorio establecido en cada instituci\u00f3n.<\/li>\n<\/ul>\n\n\n<p><strong>Plan de estudios del Profesorado de Danza<\/strong><\/p>\n\n\n\n<div class=\"wp-block-file\"><a id=\"wp-block-file--media-f4cb6795-d8bb-4351-8598-5431d3e4f0d0\" href=\"https:\/\/isfd806-chu.infd.edu.ar\/sitio\/wp-content\/uploads\/2025\/11\/Prof.-Danza.jpeg\">Prof.-Danza<\/a><a href=\"https:\/\/isfd806-chu.infd.edu.ar\/sitio\/wp-content\/uploads\/2025\/11\/Prof.-Danza.jpeg\" class=\"wp-block-file__button wp-element-button\" download aria-describedby=\"wp-block-file--media-f4cb6795-d8bb-4351-8598-5431d3e4f0d0\">Descarga<\/a><\/div>\n","protected":false},"excerpt":{"rendered":"<p>Descripci\u00f3n de la Carrera Denominaci\u00f3n: Profesorado de Danza con orientaci\u00f3n en Danzas Folkl\u00f3ricas Titulo a otorgar: Profesor\/a de Danza con orientaci\u00f3n en Danzas Folkl\u00f3ricas Duraci\u00f3n de la carrera: 4 (cuatro) a\u00f1os acad\u00e9micos Carga horaria total de la carrera: 4176 horas c\u00e1tedra \/ 2784 horas reloj Nivel o modalidad para el cual habilita: Educaci\u00f3n Art\u00edstica; Educaci\u00f3n &#8230; <a title=\"Informaci\u00f3n Danza\" class=\"read-more\" href=\"https:\/\/isfd806-chu.infd.edu.ar\/sitio\/infodanza\/\" aria-label=\"More on Informaci\u00f3n Danza\">[+]<\/a><\/p>\n","protected":false},"author":2134,"featured_media":2884,"parent":0,"menu_order":0,"comment_status":"closed","ping_status":"closed","template":"","meta":[],"acf":[],"_links":{"self":[{"href":"https:\/\/isfd806-chu.infd.edu.ar\/sitio\/wp-json\/wp\/v2\/pages\/1017"}],"collection":[{"href":"https:\/\/isfd806-chu.infd.edu.ar\/sitio\/wp-json\/wp\/v2\/pages"}],"about":[{"href":"https:\/\/isfd806-chu.infd.edu.ar\/sitio\/wp-json\/wp\/v2\/types\/page"}],"author":[{"embeddable":true,"href":"https:\/\/isfd806-chu.infd.edu.ar\/sitio\/wp-json\/wp\/v2\/users\/2134"}],"replies":[{"embeddable":true,"href":"https:\/\/isfd806-chu.infd.edu.ar\/sitio\/wp-json\/wp\/v2\/comments?post=1017"}],"version-history":[{"count":5,"href":"https:\/\/isfd806-chu.infd.edu.ar\/sitio\/wp-json\/wp\/v2\/pages\/1017\/revisions"}],"predecessor-version":[{"id":3129,"href":"https:\/\/isfd806-chu.infd.edu.ar\/sitio\/wp-json\/wp\/v2\/pages\/1017\/revisions\/3129"}],"wp:featuredmedia":[{"embeddable":true,"href":"https:\/\/isfd806-chu.infd.edu.ar\/sitio\/wp-json\/wp\/v2\/media\/2884"}],"wp:attachment":[{"href":"https:\/\/isfd806-chu.infd.edu.ar\/sitio\/wp-json\/wp\/v2\/media?parent=1017"}],"curies":[{"name":"wp","href":"https:\/\/api.w.org\/{rel}","templated":true}]}}